{"id":6698,"date":"2016-07-18T20:11:43","date_gmt":"2016-07-18T20:11:43","guid":{"rendered":"http:\/\/www.monamagick.com\/media\/?page_id=6698"},"modified":"2016-07-28T09:18:13","modified_gmt":"2016-07-28T09:18:13","slug":"santa-muerte-dedicado-la-muerte","status":"publish","type":"page","link":"http:\/\/www.monamagick.com\/media\/santa-muerte-dedicado-la-muerte\/","title":{"rendered":"Santa Muerte: Dedicado a la Muerte"},"content":{"rendered":"<p><span style=\"color: #808080;\"><strong><a title=\"Up Close Interviews\" href=\"http:\/\/www.monamagick.com\/media\/up-close-interviews\/\">&gt; Media &gt; Up Close Interviews<\/a><\/strong><\/span><\/p>\n<p><a href=\"http:\/\/www.monamagick.com\/media\/hagen-von-tulien\/\"><img loading=\"lazy\" decoding=\"async\" class=\"alignnone wp-image-5529 size-full\" src=\"http:\/\/www.monamagick.com\/media\/wp-content\/uploads\/2014\/05\/flags_eng.jpg\" alt=\"flags_eng\" width=\"24\" height=\"17\" \/><\/a><a title=\"Up Close Interviews\" href=\"http:\/\/www.monamagick.com\/media\/up-close-interviews\/santa-muerte-devoted-death\/\">\u00a0<\/a><a href=\"http:\/\/www.monamagick.com\/media\/up-close-interviews\/santa-muerte-devoted-death\/\"><span id=\"result_box\" class=\"short_text\" lang=\"es\"><span class=\"\">Ingl\u00e9s<\/span><\/span> <\/a>\u00a0 | <span style=\"color: #808080;\"><strong><img loading=\"lazy\" decoding=\"async\" class=\"alignnone wp-image-6707\" src=\"http:\/\/www.monamagick.com\/media\/wp-content\/uploads\/2016\/07\/es-225x145.jpg\" alt=\"es\" width=\"30\" height=\"19\" srcset=\"http:\/\/www.monamagick.com\/media\/wp-content\/uploads\/2016\/07\/es-225x145.jpg 225w, http:\/\/www.monamagick.com\/media\/wp-content\/uploads\/2016\/07\/es-89x55.jpg 89w, http:\/\/www.monamagick.com\/media\/wp-content\/uploads\/2016\/07\/es-220x145.jpg 220w, http:\/\/www.monamagick.com\/media\/wp-content\/uploads\/2016\/07\/es.jpg 280w\" sizes=\"(max-width: 30px) 100vw, 30px\" \/>\u00a0<\/strong><\/span><span style=\"color: #808080;\"><strong> <span id=\"result_box\" class=\"short_text\" lang=\"es\"><span class=\"\">Espa\u00f1ol<\/span><\/span><\/strong><\/span><\/p>\n<p><strong><span style=\"color: #ff9900;\"><span id=\"result_box\" class=\"\" lang=\"es\"><span class=\"\">Una entrevista<\/span> <span class=\"\">con el Profesor<\/span> Dr. Andrew Chesnut<\/span><br \/>\n<\/span><\/strong><\/p>\n<p><b><\/b><span id=\"result_box\" class=\"\" lang=\"es\"><strong>Santa Muerte<\/strong> (espa\u00f1ol para la Santa Muerte o de San \/ Sagrado Muerte), es un santo popular femenina venerada principalmente en M\u00e9xico, el suroeste de Estados Unidos y en todo el mundo. Una personificaci\u00f3n de la muerte, que se asocia con la curaci\u00f3n, protecci\u00f3n y entrega segura a la otra vida (muerte natural <span class=\"\">adecuada<\/span>) por sus devotos. A pesar de la oposici\u00f3n de <span class=\"\">la Iglesia<\/span> Cat\u00f3lica, su culto surgi\u00f3 de <span class=\"\">la creencia popular<\/span> popular mexicano, <span class=\"\">un sincretismo<\/span> <span class=\"\">entre las creencias<\/span> cat\u00f3licas y espa\u00f1olas <span class=\"\">mesoamericanas<\/span> <span class=\"\">ind\u00edgenas<\/span> <span class=\"\">y pr\u00e1cticas<\/span><span class=\"\">.<\/span><\/span><\/p>\n<figure id=\"attachment_6664\" aria-describedby=\"caption-attachment-6664\" style=\"width: 136px\" class=\"wp-caption alignleft\"><img loading=\"lazy\" decoding=\"async\" class=\"wp-image-6664\" src=\"http:\/\/www.monamagick.com\/media\/wp-content\/uploads\/2016\/07\/andrew.jpg\" alt=\"Prof. Andrew Chesnut, PH.D.\" width=\"136\" height=\"158\" \/><figcaption id=\"caption-attachment-6664\" class=\"wp-caption-text\">Professor R. Andrew Chesnut, Ph.D.<\/figcaption><\/figure>\n<p><span lang=\"EN\">La voz que tenemos hoy atravezando continentes dando platicas sobre la Santa Muerte es el profesor Dr. R. Andrew Chesnut, quien ocupa el puesto de Jefe en estudios cat\u00f3licos nombrado por el obispo Walter F. Sullivan y es profesor de estudios religiosos en VCU (Virginia Commonwealth University). Es la principal autoridad acad\u00e9mica de la Santa popular mexicana, Santa Muerte, el nuevo movimiento religioso de mayor crecimiento en las Am\u00e9ricas.<\/span><\/p>\n<p><span lang=\"EN\">Especialista en religi\u00f3n de Am\u00e9rica Latina, es el autor del libro <strong><a href=\"https:\/\/www.amazon.com\/Competitive-Spirits-Americas-Religious-Economy\/dp\/0195314867\/ref=sr_1_2_twi_pap_1?ie=UTF8&amp;qid=1468859083&amp;sr=8-2&amp;keywords=andrew+chesnut\" target=\"_blank\">Competitve Spirits: Latin America\u2019s New Religious Economy<\/a><\/strong> (Oxford University Press, 2003), <strong><a href=\"https:\/\/www.amazon.com\/Devoted-Death-Santa-Muerte-Skeleton\/dp\/0199764654\/ref=sr_1_1_twi_pap_1?ie=UTF8&amp;qid=1468859083&amp;sr=8-1&amp;keywords=andrew+chesnut(Oxford\" target=\"_blank\">dedicado a la muerte: Santa Muerte, el Santo esqueleto<\/a><\/strong> (Oxford University Press, December 2012) y <a href=\"https:\/\/www.amazon.co.uk\/Born-Again-Brazil-Pentecostal-Pathogens\/dp\/0813524067\"><strong>de nacer otra vez en Brasil: el auge Pentecostal y los pat\u00f3genos de la pobreza <\/strong><\/a>&#8220;(prensa de la Universidad de Rutgers, 1997)&#8230; \u00c9l tambi\u00e9n los blogs para el <a href=\"http:\/\/www.huffingtonpost.com\/r-andrew-chesnut\/\" target=\"_blank\"><strong>Huffington Post.<\/strong> <\/a><\/span><\/p>\n<p><em>\u00a0<\/em><\/p>\n<hr \/>\n<p><span style=\"color: #ff9900;\"><strong><span style=\"color: #000000;\"><span id=\"result_box\" class=\"\" lang=\"es\">Un preludio entrevista con <span class=\"\">el profesor Dr.<\/span> <span class=\"\">Andrew<\/span> <span class=\"\">Chesnut<\/span><span class=\"\">:<\/span><\/span><\/span><\/strong><\/span><\/p>\n<p><span style=\"color: #ff9900;\"><strong> <em><span lang=\"EN\">Muchas gracias por acomodarme en tu horario tan ocupado Andrew! Admiro tu investigaci\u00f3n de trabajo de campo entrevistando a devotos de la Santa Muerte en persona, alrededor el mundo. \u00bfComo un profesor de estudios religiosos en VCU, hay un curso acad\u00e9mico acerca de la Sante Muerte en la Universidad o la investigaci\u00f3n s\u00f3lo se limita a tu libro &#8220;Devoted to Death&#8221;, a dar conferencias y hacer entrevistas?<\/span><\/em><\/strong><\/span><br \/>\n<span lang=\"EN\">Es un placer colaborar contigo, Mona! Yo no ense\u00f1o un curso espec\u00edfico sobre la Santa Muerte pero hablo de ella en varios cursos de religi\u00f3n en Am\u00e9rica Latina. Adem\u00e1s de mi libro, charlas y conferencias, mi principal veh\u00edculo de difusi\u00f3n de mi investigaci\u00f3n y noticias relacionadas con la Santa Muerte es nuestro sitio Santo esqueleto <a href=\"https:\/\/skeletonsaint.com\/\" target=\"_blank\">https:\/\/skeletonsaint.com\/<\/a> que dirijo junto con mi socio en el crimen, investigador David B. Metcalfe. Es el \u00fanico sitio de su tipo en el mundo, ahora entrando en su cuarto a\u00f1o.<\/span><\/p>\n<p><span style=\"color: #ff9900;\"><strong> <em><span lang=\"EN\">Ha habido una gran afinidad, devoci\u00f3n y Asociaci\u00f3n de figuras\/iconos esqueleticos relacionando a la Santa Muerte m\u00e1s r\u00e1pido que cualquier otro culto ahi, pero \u00bfque verdaderamente clasifica el culto de la Sante Muerte? Del\u00a0 lado que lo vea\u2026casi todas las personas asocian todas las figuras de esqueletos con Sante Muerte o por lo menos con el segador. Debe hacer tu investigaci\u00f3n muy dificil teniendo la referencia de Michlantecuhtli, Dios Azteca, la personalidad de Kali, simbolog\u00eda de Baphomet, el segador severo y tantos otros atributos asociados!<\/span><\/em><\/strong><\/span><br \/>\n<span lang=\"EN\">Santa Muerte, es una Santa popular mexicana que personifica la muerte en forma de un esqueleto femenino. Los devotos creen que posee incre\u00edbles poderes sobrenaturales y puede ofrecer milagros y favores m\u00e1s r\u00e1pido que sus rivales Santos cat\u00f3licos populares. Ella se origin\u00f3 como un sincretismo o fusion de las creencias en deidades de la muerte, como la diosa Azteca, La espa\u00f1ola segadora sombr\u00eda, La Parca y mesoamericanas Mictecacihuatl, reina de Mictlan, el inframundo Azteca. Mientras que su iconograf\u00eda es fluida, todav\u00eda generalmente se le representa de manera muy similar a la Europea Grim Reapress.<\/span><\/p>\n<figure id=\"attachment_6666\" aria-describedby=\"caption-attachment-6666\" style=\"width: 185px\" class=\"wp-caption alignright\"><img loading=\"lazy\" decoding=\"async\" class=\"wp-image-6666\" src=\"http:\/\/www.monamagick.com\/media\/wp-content\/uploads\/2016\/07\/muerte.jpg\" alt=\"Devoted to Death\" width=\"185\" height=\"310\" \/><figcaption id=\"caption-attachment-6666\" class=\"wp-caption-text\">Devoted to Death<\/figcaption><\/figure>\n<p><span style=\"color: #ff9900;\"><strong><em><span lang=\"EN\">La devoci\u00f3n a la Sante Muerte convierte la mayor\u00eda de los caminos y religiones al rev\u00e9s tomando abiertamente desde peticiones de traer a un amante de vuelta, quitando a un amante, curaci\u00f3n de enfermedades, logrando un sinf\u00edn de oportunidades, venganza de asesinatos a capos de la droga, deseando la protecci\u00f3n y garant\u00eda de pura venganza, pero sobre todo una &#8220;muerte adecuada&#8221;. \u00bfAsociarias todo esto como ejemplos de pura fe?, o seguidores y devotos dicen que hay una fuerza m\u00e1s fuerte detr\u00e1s o dentro de la se\u00f1ora huesuda?<\/span><\/em><\/strong><\/span><br \/>\n<span lang=\"EN\">La mayor\u00eda de los devotos, especialmente en M\u00e9xico, todav\u00eda se consideran cat\u00f3licos por lo que muchos te diri\u00e1n que Dios es el n\u00famero uno, y muchas oraciones de la Santa Muerte piden permiso a Dios para invocar el poder de la Santa Muerte. Sin embargo, en las devociones diarias de muchos creyentes, Santa Muerte posee poderes como Dios y la omnisciencia mientras Dios sigue siendo una figura algo distante y abstracta.<\/span><\/p>\n<p><span style=\"color: #ff9900;\"><strong> <em><span lang=\"EN\">El culto de la Sante Muerte no parece tener una jerarqu\u00eda en eso, no hay ningun \u201cjefe\u201d de orientaci\u00f3n, al menos uno de carne y hueso. Es como si las personas est\u00e1n siendo guiadas a trav\u00e9s de una entidad y no a trav\u00e9s de una direcci\u00f3n mundana. Do\u00f1a Queta de Tepito, M\u00e9xico es una de las primeras devotas a Santa Muerta que se ha escrito\u2013 \u00bfqu\u00e9 tiene ella que decir sobre el surgimiento de m\u00e1s 12 millones de devotos en poco m\u00e1s de 10 a\u00f1os? \u00bfNo Hay unl\u00edmite\/no hay reglas en la expansi\u00f3n de una extensi\u00f3n del culto de la Sante Muerte?<\/span><\/em><\/strong><\/span><br \/>\n<span lang=\"EN\">Enriqueta Vargas es ahora la jefa m\u00e1xima del culto de la Santa Muerte en M\u00e9xico y dirige una red de templos y santuarios en M\u00e9xico, Nueva York, Colombia y posiblemente pronto en Brighton. Su Santa Muerte Internacional es el m\u00e1s fuerte intento de institucionalizar y organizar esto el crecimiento mas rapido de una nueva religi\u00f3n en las Am\u00e9ricas, que desde el 2005 est\u00e1 prohibida por la ley mexicana que\u00a0 establece iglesias. Ella esta intentando desacoplar la devoci\u00f3n de la Santa Muerte desde sus fuertes ra\u00edces populares cat\u00f3licas y destacar, las pr\u00e1cticas ind\u00edgenas, junto con elementos de la santer\u00eda cubana y la brujer\u00eda mexicana tradicional. Sin embargo, puesto que hay todav\u00eda muy poca organizaci\u00f3n formal, las personas son libres para venerar la Santa Muerte como les plazca, que para la mayor\u00eda de los devotos implica una gran mezcla del catolicismo y componentes de la nueva era.<\/span><\/p>\n<p><span style=\"color: #ff9900;\"><strong><em><span lang=\"ES\">Yo s\u00e9 que t\u00fa est\u00e1s trabajando en t\u00fa pr\u00f3ximo libro sobre la Santa Muerte. Aparte del aspecto comercial, como el culto sigue creciendo has visto una intensidad en como las estatuas y altares son construidos? S\u00e9 que hay un monumento 75 pies, y un profunda observaci\u00f3n de lo que pareceria ser un sacrificio humano al pie de un altar de la Sante Muerte, pero no me extra\u00f1ar\u00eda que alguien construyera una Sante Muerte de m\u00faltiples restos humanos para asegurar que el \u00e9xito de su petici\u00f3n sea concedida. \u00bfSientes que el tremendo conocimiento que has dado al mundo, respaldado por VCU puede poner un l\u00edmite (por instituciones sin nombre y gobiernos) en lo que se publicar\u00e1 pr\u00f3ximamente? Estoy realmente emocionada por leer lo que vas a compartir con el p\u00fablico en tu pr\u00f3ximo libro!<\/span><\/em><\/strong><\/span><br \/>\n<span lang=\"ES\">Cualquier nuevo libro acad\u00e9mico que se precie tendr\u00e1 que explorar diferentes \u00e1ngulos desde los que ya he explorado en Devoted to Death. Escrib\u00ed el libro con bastante rapidez pensando que hab\u00eda competidores tambi\u00e9n con el objetivo de publicar el primer libro especializado en Ingl\u00e9s. As\u00ed que estoy muy sorprendido de que cuatro a\u00f1os m\u00e1s tarde Devoted to Death sigue siendo el \u00fanico libro acad\u00e9mico en Ingl\u00e9s. La nueva edici\u00f3n del libro debe estar impresa a finales de 2017.<\/span><\/p>\n<p><iframe loading=\"lazy\" width=\"560\" height=\"315\" src=\"https:\/\/www.youtube.com\/embed\/_ONKGAECXhY\" frameborder=\"0\" allowfullscreen><\/iframe><\/p>\n<hr \/>\n<p><span style=\"color: #ff9900;\"><strong><span style=\"color: #000000;\">Credits and links:<\/span><\/strong><\/span><\/p>\n<p><a href=\"https:\/\/global.oup.com\/academic\/product\/devoted-to-death-9780199764662?q=chesnut&amp;lang=en&amp;cc=gb\" target=\"_blank\">Oxford University Press (Santa Muerte: Devoted to Death &#8211; The Skeleton Saint<br \/>\n<\/a><a href=\"http:\/\/www.huffingtonpost.com\/r-andrew-chesnut\/\" target=\"_blank\">Huffington post<\/a><br \/>\n<a href=\"https:\/\/twitter.com\/andrewchesnut1\" target=\"_blank\">Twitter (andrewchesnut1)<\/a><br \/>\n<a href=\"https:\/\/skeletonsaint.com\" target=\"_blank\">https:\/\/skeletonsaint.com<\/a><br \/>\n<a href=\"http:\/\/www.santisimamuerteneworleans.org\" target=\"_blank\">http:\/\/www.santisimamuerteneworleans.org<\/a><br \/>\n<a href=\"http:\/\/www.templosantamuerte.com\/SITE\/\" target=\"_blank\">http:\/\/www.templosantamuerte.com\/SITE\/<\/a><br \/>\n<a href=\"http:\/\/www.wrldrels.org\/\" target=\"_blank\">http:\/\/www.wrldrels.org\/<\/a><br \/>\n<a href=\"http:\/\/www.santamuerte.org\/\" target=\"_blank\">http:\/\/www.santamuerte.org\/<br \/>\n<\/a><a href=\"http:\/\/www.huffingtonpost.com\/r-andrew-chesnut\/the-competitive-spirits-o_b_6218630.html\" target=\"_blank\">Competitive Spirits: Latin America\u2019s New Religious Economy<br \/>\nBorn Again in Brazil: <\/a><a href=\"https:\/\/www.amazon.co.uk\/Born-Again-Brazil-Pentecostal-Pathogens\/dp\/0813524067\" target=\"_blank\">The Pentecostal Boom and the Pathogens of Poverty<\/a><\/p>\n<p><strong>Traducci\u00f3n Espa\u00f1ola: Fabiola Lopez-Chesnut<\/strong><\/p>\n<div class=\"kp-header\" data-ved=\"0ahUKEwjDz--5wvPNAhUrAsAKHQdTAWkQ3z4IbSgA\">\n<p><a href=\"http:\/\/www.monamagick.com\/media\/hagen-von-tulien\/\"><img loading=\"lazy\" decoding=\"async\" class=\"alignnone wp-image-5529 size-full\" src=\"http:\/\/www.monamagick.com\/media\/wp-content\/uploads\/2014\/05\/flags_eng.jpg\" alt=\"flags_eng\" width=\"24\" height=\"17\" \/><\/a><a title=\"Up Close Interviews\" href=\"http:\/\/www.monamagick.com\/media\/up-close-interviews\/santa-muerte-devoted-death\/\">\u00a0<\/a><a href=\"http:\/\/www.monamagick.com\/media\/up-close-interviews\/santa-muerte-devoted-death\/\"><span id=\"result_box\" class=\"short_text\" lang=\"es\"><span class=\"\">Ingl\u00e9s<\/span><\/span> <\/a>\u00a0 | <span style=\"color: #808080;\"><strong><img loading=\"lazy\" decoding=\"async\" class=\"alignnone wp-image-6707\" src=\"http:\/\/www.monamagick.com\/media\/wp-content\/uploads\/2016\/07\/es-225x145.jpg\" alt=\"es\" width=\"30\" height=\"19\" srcset=\"http:\/\/www.monamagick.com\/media\/wp-content\/uploads\/2016\/07\/es-225x145.jpg 225w, http:\/\/www.monamagick.com\/media\/wp-content\/uploads\/2016\/07\/es-89x55.jpg 89w, http:\/\/www.monamagick.com\/media\/wp-content\/uploads\/2016\/07\/es-220x145.jpg 220w, http:\/\/www.monamagick.com\/media\/wp-content\/uploads\/2016\/07\/es.jpg 280w\" sizes=\"(max-width: 30px) 100vw, 30px\" \/>\u00a0<\/strong><\/span><span style=\"color: #808080;\"><strong> <span id=\"result_box\" class=\"short_text\" lang=\"es\"><span class=\"\">Espa\u00f1ol<\/span><\/span><\/strong><\/span><\/p>\n<\/div>\n","protected":false},"excerpt":{"rendered":"<p>&gt; Media &gt; Up Close Interviews \u00a0Ingl\u00e9s \u00a0 | \u00a0 Espa\u00f1ol Una entrevista con el Profesor Dr. Andrew Chesnut Santa Muerte (espa\u00f1ol para la Santa Muerte o de San \/ Sagrado Muerte), es un santo popular femenina venerada principalmente en M\u00e9xico, el suroeste de Estados Unidos y en todo el mundo. Una personificaci\u00f3n de la muerte, que se asocia con [&hellip;]<\/p>\n","protected":false},"author":1,"featured_media":0,"parent":0,"menu_order":0,"comment_status":"closed","ping_status":"closed","template":"template-fullwidth.php","meta":{"ngg_post_thumbnail":0,"footnotes":""},"_links":{"self":[{"href":"http:\/\/www.monamagick.com\/media\/wp-json\/wp\/v2\/pages\/6698"}],"collection":[{"href":"http:\/\/www.monamagick.com\/media\/wp-json\/wp\/v2\/pages"}],"about":[{"href":"http:\/\/www.monamagick.com\/media\/wp-json\/wp\/v2\/types\/page"}],"author":[{"embeddable":true,"href":"http:\/\/www.monamagick.com\/media\/wp-json\/wp\/v2\/users\/1"}],"replies":[{"embeddable":true,"href":"http:\/\/www.monamagick.com\/media\/wp-json\/wp\/v2\/comments?post=6698"}],"version-history":[{"count":26,"href":"http:\/\/www.monamagick.com\/media\/wp-json\/wp\/v2\/pages\/6698\/revisions"}],"predecessor-version":[{"id":6762,"href":"http:\/\/www.monamagick.com\/media\/wp-json\/wp\/v2\/pages\/6698\/revisions\/6762"}],"wp:attachment":[{"href":"http:\/\/www.monamagick.com\/media\/wp-json\/wp\/v2\/media?parent=6698"}],"curies":[{"name":"wp","href":"https:\/\/api.w.org\/{rel}","templated":true}]}}